 + -3?
15
1 - (-6 - (-5 - 17) - (-3 + 3))
-15
Evaluate (5 + 12 - 34) + 17 - (0 + -9).
9
What is the value of (-13 - -2) + 22 + 0?
11
What is the value of 15 + -12 + 11 + -32?
-18
What is 10 + -30 + (-9 + (12 - 0) - -1)?
-16
What is 39 + -36 + (-10 - -2) - (6 - 1)?
-10
What is the value of (-28 - -16 - -15) + -12 + 2?
-7
What is the value of 24 - (5 + -3 + 8)?
14
What is the value of -6 - 0 - (-4 - (3 + (-8 - -5)))?
-2
Calculate 3 - (-16 + -7 - (17 - 27)).
16
What is -7 + 13 + -17 + 12?
1
Calculate -8 - (14 + (8 - 11) + -6 + 11).
-24
Calculate 4 + -8 + (-5 + -6 - (-9 + 5)).
-11
Evaluate 5 + -2 + -1 - (5 - (-6 - -9)).
0
14 - (26 + -11 - 7)
6
-6 + (5 - 0) + -21 + 24
2
-6 - 2 - (173 - 154 - (0 + -1))
-28
Evaluate -4 - 2 - (0 + 17 + -35).
12
What is the value of 1 - (-1 - (1 + -3)) - (106 + -108)?
2
What is the value of 31 - 38 - -2 - (4 - 4 - 4)?
-1
-37 + (3 + 15 - -1)
-18
What is the value of -21 - 6 - 4 - (-17 + 8 - -5)?
-27
13 - ((18 - (-18 + 28)) + 0 + -4)
9
24 + -83 - -39 - (11 + 2 + -1)
-32
Calculate 3 + -4 + -20 + 18.
-3
Calculate -23 + 7 + (6 - -15).
5
Evaluate (2 + -2 - 19) + 355 + -349.
-13
-1 + (-10 - -9 - (-7 + -3))
8
What is the value of (193 - 197) + (12 - (2 - -1))?
5
Calculate -18 + 52 + -21 - 25.
-12
What is -12 + ((-6 - -6) + 2 - (4 + -1))?
-13
What is the value of (21 - 4) + (-7 - -9) - (-1 - -7)?
13
What is -6 + (12 + -6 - -5 - 23)?
-18
Evaluate 13 + -13 + (-27 - -6) + (-3 - -2).
-22
Evaluate -1004 + 977 + (0 - -35).
8
Calculate 2 + (-6 - (-9 + -2)) - (-1 - -4).
4
What is (-7 + 2 - 0) + (0 - (-5 + 3))?
-3
Calculate -68 + 50 - (3 + -1 + -1).
-19
-20 - -27 - -17 - 12
12
What is (6 - 0) + -24 + 15 + -8?
-11
Calculate 3 + -14 - (-35 + 23).
1
1 + ((-3 - -1) + 12 - 25)
-14
What is the value of -3 + 11 + 1 - (-9 - -5 - 1)?
14
What is the value of 39 + (-3 - -13) + 43 + -59?
33
-1 - (0 + -5 + 11 - (-1 - -6))
-2
Evaluate (-9 + 1 + 7 - 5) + 7.
1
6 + (-1 - 13) - (8 - 5)
-11
Calculate -4 - (-67 + (-2 - -17) - -14).
34
-6 + (-11 - -7) + (7 - 2) + -5
-10
What is -20 + (9 - -28) - -1?
18
Evaluate -1 + (28 - 16) - 11.
0
Evaluate 22 + (-51 - -61) + -10 + 0.
22
What is the value of 2 + (45 - 37) + -1 + -4 - 16?
-11
What is (2 - 31) + 30 + (8 - 31)?
-22
What is (8 - (-9 - -16)) + (0 - 5)?
-4
-6 + (20 - -5) + (26 - 21)
24
-12 + 16 + -5 + -3
-4
What is 13 + (1 - 17 - 5) - (22 + 2)?
-32
-12 - (-4 + -2 + -4) - -9
7
What is 23 + -16 - ((9 - -3) + 4)?
-9
What is the value of -3 - 0 - -6 - (-39 + 34 + -13)?
21
What is -7 - (-23 + -2 + 4)?
14
What is the value of (12 + 5 - 2) + -28?
-13
(0 - -2) + -25 + 30 + -1 + 8
14
What is the value of -18 - ((-6 - 6) + -4 + 7)?
-9
What is the value of 4 - ((-4 - -10) + -5 + -10)?
13
What is the value of -24 - 3 - (-98 - -72)?
-1
-14 - -13 - (5 + -8 + (-1 - -10))
-7
What is -29 - (3 - -13 - (6 + 11))?
-28
Evaluate (482 - 458) + (1 - 22).
3
-68 + 77 + (2 - -2) + -23
-10
Evaluate 20 - 2 - (-108 - -113).
13
What is -60 - -42 - (-16 - -1) - 5?
-8
Evaluate (-14 - (-18 - -1) - 15) + 34.
22
Evaluate (-1 - 35) + (932 - 873).
23
Evaluate 1 + -2 - (-15 + 21) - -18.
11
Calculate 17 - (15 + (-26 + 18 - -47)).
-37
Calculate -5 + 2 + (11 - (29 - 8)).
-13
6 + -1 + 3 + (16 - (1 - -7))
16
What is (0 - -3 - 3) + (17 - 46 - -20)?
-9
What is the value of (3 + -27 - -37) + (7 - (2 - -1))?
17
What is 18 - ((-2 - 9) + 6 + -6) - 2?
27
Calculate -37 + (-6 - -34) - 28.
-37
Calculate 13 - (3 + 47 - 25).
-12
-2 + 5 + (24 - (7 - (-16 - -11)))
15
Evaluate (-1 - 6) + -510 + 537.
20
Calculate 16 + -13 + 7 - (-2 + 0 + 1).
11
Evaluate (-17 - -7) + (20 - (13 - -23)).
-26
Evaluate 10 + 11 + -17 + -19.
-15
Evaluate -13 + 21 + -14 - -4.
-2
Calculate -4 - (-4 + 2) - -4 - 4.
-2
What is the value of -6 - (4 + -10 + 3 - (67 + -59))?
5
(-6 - 3) + 7 - 10 - (5 - 2)
-15
What is the value of (-20 - (-55 + 12)) + -25?
-2
What is -9 + -1 - (1265 - 1284)?
9
What is the value of -8 - (1 + (3 - -7) + 4)?
-23
What is -1 + 1 - (-187 - -179)?
8
Calculate -8 + 1 + 2 - (44 - (-8 + 39)).
-18
What is -9 - -2 - (20 + -28) - 20?
-19
Calculate -68 - -49 - (-1 + -24).
6
What is 23 + -20 + -51 - -30?
-18
Calculate 5 + -18 + (-1 + 14 - 12) + 8.
-4
((-3 - 4) + 7 - -8) + -6
2
What is 7 + (85 - 90) + (-8 - 1)?
-7
Calculate (8 - 3) + -5 - (54 + -61).
7
What is 17 + (-51 - 15) - -41?
-8
21 - 9 - 15 - 8
-11
What is 28 + -32 + (-9 - (2 + -4))?
-11
What is the value of -11 + (7 - -6) + -8 + (4 - 2)?
-4
(-5 - (-3 + 1 - -2)) + (-33 - -18)
-20
-20 - (-22 - -6 - -4)
-8
What is 27 - ((19 - 28) + 9 + -8)?
35
Evaluate 13 - (-3 + 3) - -2.
15
Evaluate -11 + 5 - (-1 + 0 + -32 + 7).
20
-12 - (8 + -31 - -12)
-1
Evaluate -1 + -3 + 2 + (28 - 32).
-6
What is the value of 8 - (-7 + (26 - 6) + -8)?
3
What is -16 - (12 + -2 + -21 + 12)?
-17
What is 127 + -120 + -1 + 2 + 10 + -2?
16
What is the value of -5 + 20 + -10 + -24 + 15?
-4
1 + 13 + (-8 - 9) + (2 - -2)
1
8 + -14 + (9 - (3 - -7 - 9))
2
70 - 47 - (1 + -1 + 4)
19
What is the value of -44 + 40 + -35 - -57?
18
What is the value of 2 + -22 + (-1 - (-5 - 6))?
-10
What is the value of 11 + -5 + 10 - (-9 + -10 - -21)?
14
What is -5 - (0 + (0 - -3) - (114 + -116))?
-10
What is the value of -2 + -18 + 9 + 18 + (2 - 8)?
1
What is the value of (0 - 1) + (15 - 23) - 1?
-10
What is 0 + -20 + -88 + 127?
19
-23 + 37 - ((0 - 0) + 0 - -4)
10
What is the value of 11 + -5 + (45 + -48 - (0 + -5))?
8
Evaluate 7 + (-8 - 0 - -11) + 0.
10
Evaluate 14 + -2 + (5 - 11).
6
What is the value of (7 + 7 - (6 + (-17 - -8))) + 1?
18
Evaluate (1 - -1) + (-1 - -17) + -13.
5
What is 7 + 12 + -3 + (8 - 12)?
12
What is 1 + (-5 - -10) + -6 + 51 + -25?
26
Calculate (-10 - -13) + -9 + 17.
11
-3 + -29 - -12 - (20 - 4)
-36
(-5 - 7) + -6 + -11 + 0
-29
What is 18 + 15 + -45 + 4?
-8
Calculate 62 - 67 - (-2 - -15).
-18
What is the value of (13 - 23) + 13 - 3?
0
Evaluate (-68 - (-32 - 4)) + 21.
-11
Evaluate -3 + 8 + -27 - -8.
-14
What is the value of (-3 - 3) + 8 + -5 + -2 + -2?
-7
What is (-5 - ((-1 - (3 - 6)) + -6)) + 7?
6
What is -2 - -29 - (114 + -102)?
15
Calculate -8 + (17 - 9) + (-3 - (5 + -1)).
-7
Calculate (-1 - (-2 + 12)) + 9.
-2
What is the value of 5 + 10 + -14 + 5?
6
What is -8 + (23 - 0) + (-2 - 6)?
7
-26 - -4 - (-4 - (1 + 2))
-15
Calculate -48 + 11 - (-27 + 6).
-16
12 + (-9 - (-9 + 6)) - (-2 - -16)
-8
-11 + 3 + (-43 - -10 - -16)
-25
What is -13 + 1 + -8 + 11 + (-63 - -55)?
-17
Calculate -1 + -18 + (33 - (-20 - -42)).
-8
What is the value of (-25 - (0 - 14)) + -1?
-12
What is the value of -491 - -478 - (-32 + -2 + 0)?
21
4 + -10 - 12 - -9
-9
164 - 173 - (-2 + -1)
-6
1 + -1 - ((0 - 4) + -7)
11
What is the value of -13 + 8 - -6 - (22 - (2 + 1))?
-18
Calculate -5 + 0 - (6 + 0).
-11
What is the value of -264 - -259 - (7 + -1 - (1 - -1))?
-9
Evaluate -14 + 0 + 3 - (-20 + 35 + 6).
-32
-10 + 5 - (-3 - (-6 + 6))
-2
-24 + 44 + 1 + (-12 - 2)
7
3 + -12 + 23 + -6
8
What is the value of 3 - (-19 + (7 - (-15 - -9)))?
9
Evaluate -2 + -7 + 0 - (-5 - -10).
-14
What is (0 - 1) + 24 + -35?
-12
What is -65 + 57 - (-11 - 4)?
7
What is the value of -46 + (-28 - (-70 + 21))?
-25
(159 - 146) + 2 + -15
0
4 + -2 + (-2 - 4) + -3
-7
Evaluate 12 + (11 - ((8 - 3) + 3)) + -7.
8
Calculate 23 + (-6 - (4 + 2)) + -39.
-28
Calculate 0 - -3 - ((22 - 23) + -5).
9
Calculate 92 + -80 - (11 + -1).
2
-2 + 2 + (3 - (-3 + -1))
7
2 + (10 - (2 + 8 + 11)) + 17
8
Evaluate -2 - (-23 + 13) - (-2 - (-1 - 0)).
9
What is the value of 3 - ((-7 + 1 - -2) + (2 - -3))?
2
Calculate 0 + -9 + -1 + 2 - (-50 + 38).
4
(12 - 22) + 24 + 12
26
What is the value of -4 - ((-8 + 7 - -3) + -4)?
-2
What is 2 + 6 + (6 - 17) + 6?
3
Calculate 2 - (65 + -75 - (2 - -1 - 5)).
10
5 + 0 + -1 - 15 - -10
-1
What is the value of -10 + 2 + -109 + 126?
9
Calculate 22 + (-60 - -24) - (-1 - (-1 + 6)).
-8
What is 14 - -6 - (19 + -7 - 12)?
20
What is (11 - (0 + 0)) + 5036 + -5062?
-15
Calculate -53 + 37 - (-35 + 8).
11
What is (-745 - -725) + (13 - -1)?
-6
What is the value of 106 - 109 - (-10 - 1)?
8
Calculate -56 + 70 - (12 + -3).
5
Evaluate 13 - ((0 - -28) + -11).
-4
What is the value of 8 + 0 - ((1 - 0) + -29 + 18)?
18
What is -7 + -9 + 16 + (2 - 5)?
-3
6 + (2 - 14) + -1 + -1
-8
What is (3 - -1 - (19 + -24)) + -6?
3
Evaluate 17 + 20 + (-87 - -33).
-17
(-20 - -32 - 2) + 8
18
Calculate 4 + -10 + 10 + -13.
-9
Evaluate -44 + 19 - -23 - (0 + -6).
4
Calculate -19 + (9 